{"id":1489,"date":"2023-09-14T09:54:55","date_gmt":"2023-09-14T12:54:55","guid":{"rendered":"https:\/\/www.futuratopografia.com\/loja\/?post_type=product&#038;p=1489"},"modified":"2023-09-14T10:00:12","modified_gmt":"2023-09-14T13:00:12","slug":"bastao-topografico-geodetic-fibra-de-carbono-de-3-metros","status":"publish","type":"product","link":"https:\/\/www.futuratopografia.com\/loja\/produto\/receptor-gnss\/acessorios-gnss\/bastao-topografico-geodetic-fibra-de-carbono-de-3-metros\/","title":{"rendered":"Bast\u00e3o Topogr\u00e1fico Geodetic Fibra De Carbono de 3 Metros"},"content":{"rendered":"<h4 data-content-type=\"heading\" data-appearance=\"default\" data-element=\"main\" data-pb-style=\"UQTSD80\">BAST\u00c3O TOPOGR\u00c1FICO GEODETIC FIBRA DE CARBONO DE 3 METROS<\/h4>\n<div data-content-type=\"text\" data-appearance=\"default\" data-element=\"main\" data-pb-style=\"H4SC5DO\">\n<p>&nbsp;<\/p>\n<table border=\"1\">\n<tbody>\n<tr>\n<td>Marca<\/td>\n<td>Geodetic<\/td>\n<\/tr>\n<tr>\n<td>Modelo<\/td>\n<td>Fibra de Carbono<\/td>\n<\/tr>\n<tr>\n<td>Comprimento<\/td>\n<td>3 metros<\/td>\n<\/tr>\n<tr>\n<td>Resistente<\/td>\n<td>Sim<\/td>\n<\/tr>\n<tr>\n<td>Super leve<\/td>\n<td>Sim<\/td>\n<\/tr>\n<tr>\n<td>Rosque\u00e1vel<\/td>\n<td>Sim (3 est\u00e1gios)<\/td>\n<\/tr>\n<tr>\n<td>Possui n\u00edvel de bolha<\/td>\n<td>Sim<\/td>\n<\/tr>\n<tr>\n<td>Ideal para<\/td>\n<td>GPS (principalmente RTK)<\/td>\n<\/tr>\n<\/tbody>\n<\/table>\n<\/div>\n","protected":false},"excerpt":{"rendered":"<p>O Bast\u00e3o de Fibra de Carbono da Geodetic al\u00e9m de super leve, ele \u00e9 ideal para todos os levantamentos de GPS RTK com extrema praticidade, pois a sua forma rosque\u00e1vel traz muito mais agilidade para carregar e equipar.<\/p>\n","protected":false},"featured_media":1490,"comment_status":"open","ping_status":"closed","template":"","meta":{"site-sidebar-layout":"default","site-content-layout":"default","ast-global-header-display":"","ast-banner-title-visibility":"","ast-main-header-display":"","ast-hfb-above-header-display":"","ast-hfb-below-header-display":"","ast-hfb-mobile-header-display":"","site-post-title":"","ast-breadcrumbs-content":"","ast-featured-img":"","footer-sml-layout":"","theme-transparent-header-meta":"default","adv-header-id-meta":"","stick-header-meta":"","header-above-stick-meta":"","header-main-stick-meta":"","header-below-stick-meta":"","_joinchat":{"telephone":"+5538997405510","message_text":"Ol\u00e1, quer saber mais sobre este produto?","message_send":"Ol\u00e1, gostaria de saber mais sobre {PRODUCT}, poderia me ajudar?","view":"yes"}},"product_cat":[109,66,49],"product_tag":[241,127,84,136,82,78,133],"class_list":["post-1489","product","type-product","status-publish","has-post-thumbnail","hentry","product_cat-acessorios-gnss","product_cat-chcnav","product_cat-engenharia","product_tag-3mt","product_tag-bastao","product_tag-chc","product_tag-fibra-de-carbono","product_tag-gps","product_tag-rtk","product_tag-sustentacao","desktop-align-center","tablet-align-left","mobile-align-left"],"_links":{"self":[{"href":"https:\/\/www.futuratopografia.com\/loja\/wp-json\/wp\/v2\/product\/1489","targetHints":{"allow":["GET"]}}],"collection":[{"href":"https:\/\/www.futuratopografia.com\/loja\/wp-json\/wp\/v2\/product"}],"about":[{"href":"https:\/\/www.futuratopografia.com\/loja\/wp-json\/wp\/v2\/types\/product"}],"replies":[{"embeddable":true,"href":"https:\/\/www.futuratopografia.com\/loja\/wp-json\/wp\/v2\/comments?post=1489"}],"version-history":[{"count":1,"href":"https:\/\/www.futuratopografia.com\/loja\/wp-json\/wp\/v2\/product\/1489\/revisions"}],"predecessor-version":[{"id":1494,"href":"https:\/\/www.futuratopografia.com\/loja\/wp-json\/wp\/v2\/product\/1489\/revisions\/1494"}],"wp:featuredmedia":[{"embeddable":true,"href":"https:\/\/www.futuratopografia.com\/loja\/wp-json\/wp\/v2\/media\/1490"}],"wp:attachment":[{"href":"https:\/\/www.futuratopografia.com\/loja\/wp-json\/wp\/v2\/media?parent=1489"}],"wp:term":[{"taxonomy":"product_cat","embeddable":true,"href":"https:\/\/www.futuratopografia.com\/loja\/wp-json\/wp\/v2\/product_cat?post=1489"},{"taxonomy":"product_tag","embeddable":true,"href":"https:\/\/www.futuratopografia.com\/loja\/wp-json\/wp\/v2\/product_tag?post=1489"}],"curies":[{"name":"wp","href":"https:\/\/api.w.org\/{rel}","templated":true}]}}